uppose -395 = -4*f - u, 4*f - 7*u = -b*u + 377. What is the greatest common factor of f and 112?
14
Let x = 23867 - 20165. What is the highest common divisor of x and 6?
6
Let k be (-25)/(-2)*(-13 + 15). Let j be (-192)/(-16)*2/6. Suppose 0 = -a + j*a - 675. Calculate the highest common divisor of a and k.
25
Let j(s) = -s. Let x be j(-2). Let y be (104/12)/(x/3). Suppose -m - 426 = -3*r, -5*r - 6*m + 2*m = -727. What is the highest common factor of y and r?
13
Let o = -383 + 515. What is the highest common divisor of o and 15?
3
Let g(p) = -819*p + 10016. Let b be g(12). What is the greatest common factor of b and 6862?
94
Suppose 37*b - 18789 = 21948. Suppose 42334 = 35*g - b. What is the greatest common divisor of 73 and g?
73
Suppose 3*x - 7 = 2*g + 5, 0 = -2*g - 5*x + 20. Suppose g = -11*r + 110 + 55. Calculate the greatest common divisor of r and 25.
5
Let y(n) = -567*n - 3296. Let t be y(-6). What is the highest common divisor of 27878 and t?
106
Let v(k) = 11*k + 122. Let a be v(14). Let t = a - 260. What is the greatest common divisor of 416 and t?
16
Suppose 1983 = 3*b - 3*v + 663, -5*b + v + 2220 = 0. Let s = -386 + b. Calculate the highest common divisor of s and 59.
59
Let k be 114/(-9) - 32/24. Let j be 8*6/8*k/(-4). Calculate the greatest common divisor of j and 63.
21
Let c(z) = 7*z + 45. Suppose 4*n = -n - 25. Let w be c(n). What is the highest common divisor of w and 90?
10
Suppose 5*x = -o + 4, x - 3*o = 2*x + 2. Let h be (1 - -7)*x/(-4)*-18. Calculate the highest common divisor of h and 144.
36
Let t(i) = 9*i + 92. Let v be t(7). Calculate the greatest common divisor of v and 45.
5
Let w = 81 + -84. Let y be 0 - (110 + -1 - w). Let t = -34 - y. Calculate the greatest common factor of t and 195.
39
Let b be -5 + 0 + (9 - 15) + 43. Let x(f) = 12*f - 8. Let m be x(6). Calculate the greatest common factor of m and b.
32
Suppose 0 = -5*s + 20, -2*s - 268 = -4*n + 2*s. What is the highest common factor of 71 and n?
71
Suppose -453*i + 511*i = 268888. Calculate the greatest common factor of 61 and i.
61
Let v be (1 + 5)/(6/(-4)). Let x be (-122 - -10)*2/v. What is the greatest common divisor of x and 280?
56
Let r be ((-3)/(-9))/(6/360*4). Suppose r*c + 5*j - 540 = 0, -7 + 23 = 4*j. Let v be 1*-1*(-21 - -8). What is the highest common divisor of v and c?
13
Suppose 53*p = 35032 - 5829. Let s = p + -521. Suppose 2*c - c = 5. Calculate the greatest common factor of c and s.
5
Suppose -4*j - 5*c + 3067 = -4*c, 3*j - 3*c = 2319. Suppose 0*x - 12*x = j. Let t = -52 - x. Calculate the greatest common divisor of 24 and t.
12
Let u(z) = -z**3 - 3*z**2 + 221*z + 7722. Let x be u(0). Calculate the greatest common factor of x and 22.
22
Let c = 46 - 40. Suppose 0 = 3*u, 7*u = -2*o + c*u + 6. Suppose 3*h - 3*f = 540, -o = f + 1. Calculate the highest common divisor of 11 and h.
11
Suppose u + 1 = -3*u - 5*t, 5*u - 10 = 5*t. Let z be (u/2)/(37/962). What is the highest common factor of z and 351?
13
Let a(m) = -1 + m**3 - 3*m**2 + 7*m + 10*m**2 + 6. Let w be a(-5). Let t = -15824 - -15829. What is the highest common divisor of w and t?
5
Suppose 17*q - 39*q + 12*q = -232190. Calculate the greatest common factor of 217 and q.
217
Let d = 12509 + -12379. What is the greatest common divisor of d and 20?
10
Let l be (-3 + 265/15)*(15 - 12). What is the greatest common divisor of l and 429?
11
Let b = -506 + 492. Let s be (4/(-6))/(b/(-21)) - -43. Let l be 1 - -11 - (-4 + 2). What is the highest common divisor of l and s?
14
Let u be ((-14688)/(-1683))/(10/55). Let x(s) = s**2 - 4*s - 6. Let y be x(-4). Let r = y - -94. Calculate the greatest common factor of r and u.
24
Suppose -26*i = -6*i - 180. Suppose i = x - 31. What is the highest common factor of x and 30?
10
Suppose -25 = -4*o + 179. Suppose 3*b = -0*b + o. Suppose -4*f = 5 - b. Calculate the highest common divisor of f and 6.
3
Let t = -22545 - -22995. Calculate the greatest common divisor of 6450 and t.
150
Suppose -4028 = -2*h - 4008. Calculate the greatest common factor of 3890 and h.
10
Suppose 39*h + 45*h = 44*h + 9360. What is the highest common factor of 12 and h?
6
Let p = 6243 + -4083. Suppose 27*l + p = 72*l. What is the greatest common divisor of 672 and l?
48
Suppose -40*d + 30*d - 2410 = 0. Let z = -161 - d. What is the greatest common divisor of 280 and z?
40
Let t be (21*6/(-9))/2. Let y(i) = 15*i**2 + 77*i + 4. Let q be y(t). Calculate the highest common factor of q and 40.
40
Suppose 10*k - 88 = 2*k. Suppose k*c = 7*c + 92. Let b be 184/10*(-25)/(-5). Calculate the highest common divisor of c and b.
23
Let w = 368 + -360. Let q be (-2)/(-2) + -15*w/(-40). Calculate the highest common divisor of q and 9.
1
Let y(v) = -v**2 + 41*v - 2. Let p be y(41). Let h be (21/(p + -1))/(0 + -1). Calculate the highest common factor of h and 77.
7
Let q = 2237 + 4006. What is the highest common divisor of 3 and q?
3
Suppose 115*t - 2655 = -59*t + 115*t. What is the highest common divisor of t and 25?
5
Suppose -d = 5*x - 0*d - 105, 3*d + 21 = x. Let v = x + -4. Let r = 38 + -21. What is the greatest common divisor of r and v?
17
Suppose -2*x = -5*x - 273. Let g = -84 - x. Suppose -g*j + 3*j - 5*i + 51 = 0, -5*j + 110 = -3*i. Calculate the highest common factor of 19 and j.
19
Let k = -1528 + 1596. What is the greatest common factor of k and 187?
17
Let d = -180 - -185. Suppose 2*j = -6, 3*g - 3*j + 1 = d*g. What is the highest common divisor of 35 and g?
5
Let o = 32987 + -12336. Calculate the greatest common divisor of o and 193.
193
Let t be -3*((-3)/9)/(3/(-6)). Let w(r) = -3*r. Let v be w(t). Suppose 53 = v*p - 127. Calculate the highest common factor of 15 and p.
15
Let k(i) = -i**2 - 15*i + 14. Let j be k(-17). Let v be (3*j/15)/(-1). Suppose 0*t - v*t = -32. What is the highest common factor of t and 2?
2
Suppose 0 = d + 3*y - 11, -4*d + 5*y = 10 - 3. Let g be d/(-4) - 318/(-12). Calculate the greatest common divisor of g and 78.
26
Let a = 6177 - 5819. What is the highest common factor of 10919 and a?
179
Let x(z) = 33*z**2 + 746*z + 11. Let t be x(-23). What is the highest common factor of 10 and t?
10
Let j = 5908 - 5498. Calculate the greatest common divisor of 656 and j.
82
Let i(z) = 677*z**2 - 111*z + 217. Let r be i(2). What is the highest common factor of 102 and r?
51
Let u = 72 + -25. Suppose 13739*z = 13704*z + 6580. Calculate the greatest common factor of u and z.
47
Let p be ((-52140)/22)/(-4*(-3)/(-6)). Calculate the highest common factor of 60 and p.
15
Let o(z) = 56*z + 254. Let d(n) = -n**2 - 15*n + 192. Let p be d(8). Let r be o(p). Calculate the highest common factor of 26 and r.
26
Let j(c) = -3*c + 39. Let u be j(11). Suppose 0*b = u*b - 432. Calculate the greatest common factor of b and 9.
9
Let s(q) = 287*q**2 - 9*q + 2. Let l be s(1). What is the greatest common factor of 130 and l?
10
Suppose -4*z = z - 395. Let g = z - -25. Suppose 5*u - g = -3*u. Calculate the highest common factor of 143 and u.
13
Let i = -7712 + 7837. Calculate the greatest common divisor of 675 and i.
25
Let t(s) = -79*s + 1. Let q be t(-2). Let j = q + -57. What is the highest common divisor of j and 6?
6
Let o = -163 - -183. Suppose o*i - 104 = -6*i. Calculate the greatest common factor of i and 4.
4
Suppose 4*g - 147 = -3*m, 0 = -5*m - 20 + 25. What is the highest common divisor of 17 and g?
1
Let v = -214 + 140. Let u be (-1 - (-1)/(-2))*v. Let l = u + 1. Calculate the greatest common factor of l and 14.
14
Suppose 4*i = 19 + 53. Suppose 2*f - 842 = -2*k + k, -5*k + 1270 = 3*f. Let c = f - 366. What is the greatest common divisor of c and i?
18
Suppose 124*p - 119*p = 150. Let d be -96 + 94 + (9 - (1 - 0)). Calculate the greatest common divisor of p and d.
6
Let h(o) = 3*o**3 + 217*o**2 + 285*o + 121. Let u be h(-71). Suppose 0*n + n = 30. What is the highest common divisor of u and n?
10
Let l(i) = 2*i + 49. Suppose 4*m + 28 - 28 = 0. Let h be l(m). What is the highest common divisor of 49 and h?
49
Suppose m + 0*s - 4 = 2*s, s - 12 = -3*m. Let h = 411 - 408. Suppose h*o + m*r = 242, 0 = -2*o + o - r + 80. Calculate the greatest common factor of o and 195.
39
Suppose -t + 95 = o, 4*t + 3*t - 665 = 3*o. Let f(q) = q**3 - 7*q**2 + 9*q - 6. Let n be f(7). What is the highest c